{"id":1006,"date":"2021-05-17T17:47:39","date_gmt":"2021-05-17T17:47:39","guid":{"rendered":"https:\/\/excellence.net.br\/site\/?page_id=1006"},"modified":"2021-08-27T13:25:40","modified_gmt":"2021-08-27T13:25:40","slug":"politica-de-privacidade","status":"publish","type":"page","link":"https:\/\/excellence.net.br\/site\/politica-de-privacidade\/","title":{"rendered":"Pol\u00edtica de Privacidade"},"content":{"rendered":"<h2>Pol\u00edtica de Privacidade<\/h2>\n<p>Todas as nossas a\u00e7\u00f5es e iniciativas no ambiente digital s\u00e3o pautadas pelo comprometimento com as regras de privacidade e o uso adequado de dados e informa\u00e7\u00f5es. A transpar\u00eancia em rela\u00e7\u00e3o a maneira que seus dados s\u00e3o processados \u00e9 essencial para a Excellence, por isso, criamos um espa\u00e7o para informar a pol\u00edtica de aplica\u00e7\u00e3o sobre todas as informa\u00e7\u00f5es coletadas neste website e p\u00e1ginas afiliadas.<\/p>\n<p>A Pol\u00edtica de Privacidade e os Termos e Condi\u00e7\u00f5es podem sofrer altera\u00e7\u00f5es e atualiza\u00e7\u00f5es, quando necess\u00e1rio. Sempre que houver mudan\u00e7as relevantes, voc\u00ea ser\u00e1 avisado junto com a data de entrada em vigor da nova vers\u00e3o.<\/p>\n<p><strong>Este termo de privacidade foi atualizado em 26\/08\/2021.<\/strong><\/p>\n<p><strong>ACEITA\u00c7\u00c3O DOS TERMOS<\/strong><\/p>\n<p><strong>Sua navega\u00e7\u00e3o dentro deste website e p\u00e1ginas afiliadas constitui sua aceita\u00e7\u00e3o desta pol\u00edtica e seu consentimento das pr\u00e1ticas que a mesma descreve.<\/strong><\/p>\n<p>Ao clicar nos bot\u00f5es \u201cI accept\/Eu aceito\u201d, \u201cI agree\/Eu concordo\u201d ou em bot\u00f5es\/checkboxes\/funcionalidades de car\u00e1ter similar em rela\u00e7\u00e3o a um termo de privacidade, voc\u00ea nos concede a permiss\u00e3o para processar seus dados pessoais \u2013 somente nos pa\u00edses em que tal consentimento \u00e9 exigido por lei.<\/p>\n<p><strong>Se voc\u00ea n\u00e3o estiver de acordo com os nossos termos da Pol\u00edtica de Privacidade, pedimos que interrompa o uso do site.<\/strong><\/p>\n<p><strong>INFORMA\u00c7\u00d5ES PESSOAIS<\/strong><\/p>\n<p>Informa\u00e7\u00e3o pessoal \u00e9 toda informa\u00e7\u00e3o que est\u00e1 relacionada a voc\u00ea individualmente e que permite contat\u00e1-lo, como por exemplo, seu nome, endere\u00e7o, n\u00famero de telefone, fax, RG, RNE, CPF, endere\u00e7o de e-mail, ou qualquer outra informa\u00e7\u00e3o que voc\u00ea tenha enviado a Excellence, ou site interligado, que permita a sua identifica\u00e7\u00e3o pessoal.<\/p>\n<p>Informamos que nosso servidor web n\u00e3o reconhece automaticamente estes dados, nem o site da Excellence nem as p\u00e1ginas afiliadas coletam informa\u00e7\u00f5es pessoais sem que voc\u00ea as tenha fornecido, com exce\u00e7\u00e3o dos Cookies.\u00a0 Voc\u00ea pode visitar e procurar nossos servi\u00e7os neste site e p\u00e1ginas afiliadas sem ter que fornecer qualquer informa\u00e7\u00e3o pessoal sobre voc\u00ea.<\/p>\n<p><strong>No entanto, a Excellence e p\u00e1ginas afiliadas poder\u00e3o coletar algumas informa\u00e7\u00f5es pessoais a partir dos meios abaixo:<\/strong><\/p>\n<p><strong>CADASTRO<\/strong><\/p>\n<p>O <strong>visitante<\/strong> que queira ter a oportunidade de obter mais informa\u00e7\u00f5es sobre servi\u00e7os ou novidades, por outros meios que n\u00e3o pela web (como e-mail ou telefone), ter\u00e1 que se registrar pelo site. O formul\u00e1rio em quest\u00e3o exigir\u00e1 algumas informa\u00e7\u00f5es pessoais que podem incluir, sem limita\u00e7\u00f5es: (a) Nome; (b) E-mail; (c) Demais informa\u00e7\u00f5es solicitadas para Eventos, Newsletter e\/ou Relacionamento.<\/p>\n<p>Nossos <strong>clientes <\/strong>tamb\u00e9m necessitam preencher um cadastro para utilizarem os servi\u00e7os da Excellence. Neste caso, as informa\u00e7\u00f5es coletadas s\u00e3o: (a) Nome completo (b) Raz\u00e3o social, (c) e-mail, (d) telefones de contato, (e) endere\u00e7o, (f) CPF\/CNPJ, RG, (g) nacionalidade, (h) data de nascimento, (i) sexo.<\/p>\n<p><strong>ATIVIDADES E COMUNICA\u00c7\u00c3O<\/strong><\/p>\n<p>Caso o visitante ou empresa queira se comunicar por meio do site, e-mail ou telefone, a empresa ir\u00e1 coletar todas as informa\u00e7\u00f5es pessoais relevantes com o intuito de aumentar a qualidade da comunica\u00e7\u00e3o. <strong>Os dados de atividades coletados s\u00e3o:<\/strong> (a) Frequ\u00eancia de utiliza\u00e7\u00e3o da Plataforma; (b) Informa\u00e7\u00e3o sobre o Navegador; (c) Dados de Conex\u00e3o; (d) Hist\u00f3rico de navega\u00e7\u00e3o.<\/p>\n<p><strong>USO DA INFORMA\u00c7\u00c3O<\/strong><\/p>\n<p>O site da Excellence e p\u00e1ginas afiliadas podem usar suas informa\u00e7\u00f5es pessoais coletadas a partir do site para os seguintes prop\u00f3sitos:<\/p>\n<ul>\n<li>Atendimento personalizado, comunica\u00e7\u00e3o e fornecimento de servi\u00e7os que atendam \u00e0s suas necessidades;<\/li>\n<li>Envio de material promocional e outras informa\u00e7\u00f5es sobre a Excellence.<\/li>\n<\/ul>\n<p>Usamos as informa\u00e7\u00f5es disponibilizadas pelos usu\u00e1rios por meio do navegador utilizado e nosso servidor web, para melhorar os servi\u00e7os. Estas informa\u00e7\u00f5es n\u00e3o s\u00e3o pessoais.<\/p>\n<p>Se voc\u00ea fornecer seu endere\u00e7o postal e\/ou eletr\u00f4nico, voc\u00ea poder\u00e1 receber informativos peri\u00f3dicos da empresa, com informa\u00e7\u00f5es sobre novidades. Se n\u00e3o desejar este servi\u00e7o, por favor, nos informe por meio dos canais de comunica\u00e7\u00e3o dispon\u00edveis no site.<\/p>\n<p>Se voc\u00ea nos fornecer seu n\u00famero de telefone, voc\u00ea poder\u00e1 receber contatos telef\u00f4nicos da empresa para informar sobre servi\u00e7os e novidades. Se n\u00e3o desejar este servi\u00e7o, por favor nos avise pelos canais de comunica\u00e7\u00e3o dispon\u00edveis no site.<\/p>\n<p><strong>Os endere\u00e7os de e-mail, ou qualquer outra informa\u00e7\u00e3o pessoal recolhida neste site nunca ser\u00e1 repassada, vendida ou alugada a outros, ou revelada publicamente<\/strong>, salvo se assim formos obrigados por lei, para nos defendermos, ou se formos obrigados por qualquer autoridade competente.<\/p>\n<p><strong>\u00a0<\/strong><\/p>\n<p><strong>POR QUANTO TEMPO ARMAZENAMOS SEUS DADOS?<\/strong><\/p>\n<p><strong>Clientes:<\/strong> seus dados pessoais s\u00e3o mantidos enquanto durar nossa rela\u00e7\u00e3o contratual e\/ou comercial. Podemos, ent\u00e3o, colocar seus dados pessoais em um banco de dados intermedi\u00e1rio por <em>5 anos<\/em> ap\u00f3s o t\u00e9rmino de nossa rela\u00e7\u00e3o contratual e\/ou comercial.<\/p>\n<p><strong>Clientes em potencial:<\/strong> se voc\u00ea n\u00e3o tiver uma rela\u00e7\u00e3o contratual ou comercial com a Excellence, n\u00e3o manteremos seus dados por mais de <em>3 anos<\/em> ap\u00f3s sua \u00faltima consulta.<\/p>\n<p><strong>Candidatos:<\/strong> caso voc\u00ea n\u00e3o seja contratado, excluiremos as informa\u00e7\u00f5es que voc\u00ea compartilhou conosco num prazo de <em>3 anos<\/em> ap\u00f3s o compartilhamento das informa\u00e7\u00f5es.<\/p>\n<p>As informa\u00e7\u00f5es de registro coletadas para fins de seguran\u00e7a, manuten\u00e7\u00e3o e melhoria, mencionadas acima, n\u00e3o ser\u00e3o mantidas por mais de 1 ano ap\u00f3s a coleta.<\/p>\n<p><strong>COOKIES E EXPERI\u00caNCIA DO USU\u00c1RIO<\/strong><\/p>\n<p>Utilizamos ferramentas de an\u00e1lise de experi\u00eancia de usu\u00e1rio da Google com o prop\u00f3sito de melhorar a navegabilidade, interface e qualidade das informa\u00e7\u00f5es contidas em nossas plataformas e aplica\u00e7\u00f5es. Estas ferramentas fornecem informa\u00e7\u00f5es de uso do website e aplicativos de maneira confidencial e global, sem acesso a informa\u00e7\u00f5es confidenciais de usu\u00e1rios.<\/p>\n<p>O site da Excellence e p\u00e1ginas afiliadas poder\u00e3o utilizar \u201ccookies\u201d para gravar informa\u00e7\u00f5es de navega\u00e7\u00e3o do usu\u00e1rio. O \u201ccookie\u201d \u00e9 uma informa\u00e7\u00e3o que pode ser enviada ao seu computador atrav\u00e9s de nosso servidor web, ficando armazenada em seu navegador. Esta informa\u00e7\u00e3o \u00e9 muito \u00fatil para que o site da Excellence e p\u00e1ginas afiliadas possam oferecer a melhor experi\u00eancia online, de acordo com as condi\u00e7\u00f5es de navega\u00e7\u00e3o de cada usu\u00e1rio. O usu\u00e1rio pode gerenciar os \u201ccookies\u201d e habilit\u00e1-los ou n\u00e3o, diretamente pelo pr\u00f3prio navegador.<\/p>\n<p><strong>LINKS EXTERNOS<\/strong><\/p>\n<p>O site da Excellence e p\u00e1ginas afiliadas podem conter links para outros websites. Por favor, fique atento, a empresa n\u00e3o \u00e9 respons\u00e1vel pelas pr\u00e1ticas de privacidade dos mesmos. Os links externos levam a sites que podem utilizar \u201ccookies\u201d. Recomendamos que voc\u00ea leia as pol\u00edticas de privacidade dispon\u00edveis nestes sites externos antes de fornecer qualquer informa\u00e7\u00e3o pessoal.<\/p>\n<p><strong>SEGURAN\u00c7A<\/strong><\/p>\n<p>O site da Excellence e p\u00e1ginas afiliadas utilizam um servidor com medidas de seguran\u00e7a apropriadas que protegem contra perda, manuseio impr\u00f3prio ou altera\u00e7\u00e3o sem pr\u00e9via autoriza\u00e7\u00e3o de informa\u00e7\u00f5es pessoais que podemos ter coletado por meio dos sites. As inst\u00e2ncias possuem conex\u00e3o segura com certificado SSL que garantem seguran\u00e7a na transmiss\u00e3o de dados pela criptografia.<\/p>\n<p>A Excellence permite o acesso a estas informa\u00e7\u00f5es somente para pessoas da empresa que possuem prop\u00f3sito leg\u00edtimo de utiliz\u00e1-los com o intuito de fornecer melhores servi\u00e7os para voc\u00ea, e que garantam a privacidade e sigilo das mesmas. No entanto, esteja ciente de que as transmiss\u00f5es de dados pela internet podem n\u00e3o ser totalmente seguras contra intercepta\u00e7\u00f5es n\u00e3o autorizadas.<\/p>\n<p><strong>EXCLUS\u00c3O DE DADOS <\/strong><\/p>\n<p>O site da Excellence e p\u00e1ginas afiliadas permitem que voc\u00ea mude, atualize ou apague as informa\u00e7\u00f5es pessoais fornecidas. Caso deseje, entre em contato pelos nossos canais de comunica\u00e7\u00e3o. Tamb\u00e9m \u00e9 poss\u00edvel solicitar todas as informa\u00e7\u00f5es referentes a voc\u00ea, que estejam armazenadas no banco de dados da empresa.<\/p>\n<p>Caso seja retirado o consentimento da utiliza\u00e7\u00e3o de dados ou a exclus\u00e3o deles com fundamento no interesse leg\u00edtimo do usu\u00e1rio, este reconhece e aceita, desde j\u00e1, que a Excellence n\u00e3o ser\u00e1 responsabilizada com rela\u00e7\u00e3o a qualquer perda e\/ou dano causado aos seus dados pessoais.<\/p>\n<p>Vale lembrar que parte dos dados pessoais colhidos dever\u00e3o, por obriga\u00e7\u00f5es legais impostas \u00e0 Excellence pelas autoridades competentes, serem mantidos em nossos arquivos por um prazo m\u00ednimo legalmente determinado, ainda que o usu\u00e1rio solicite sua exclus\u00e3o e\/ou altera\u00e7\u00e3o<strong>.<\/strong><\/p>\n<p><strong>\u00a0<\/strong><strong>SOBRE O EDITOR<\/strong><\/p>\n<p>A Excellence Comunica\u00e7\u00e3o Visual \u00e9 a empresa controladora de dados pessoais coletados dos usu\u00e1rios no \u00e2mbito desta Pol\u00edtica de Privacidade.<\/p>\n<p>A qualquer momento, o usu\u00e1rio poder\u00e1 tirar d\u00favidas via e-mail <a href=\"mailto:marketing@excellence.net.br\" target=\"_blank\" rel=\"noopener\">marketing@excellence.<wbr \/>net.br<\/a> \u00a0ou pelo telefone (11) 3661-2005.<\/p>\n","protected":false},"excerpt":{"rendered":"<p>Pol\u00edtica de Privacidade Todas as nossas a\u00e7\u00f5es e iniciativas no ambiente digital s\u00e3o pautadas pelo comprometimento com as regras de privacidade e o uso adequado de dados e informa\u00e7\u00f5es. A transpar\u00eancia em rela\u00e7\u00e3o a maneira que seus dados s\u00e3o processados \u00e9 essencial para a Excellence,&#8230;<\/p>\n","protected":false},"author":1,"featured_media":0,"parent":0,"menu_order":0,"comment_status":"closed","ping_status":"closed","template":"elementor_header_footer","meta":{"footnotes":""},"class_list":["post-1006","page","type-page","status-publish","hentry"],"_links":{"self":[{"href":"https:\/\/excellence.net.br\/site\/wp-json\/wp\/v2\/pages\/1006","targetHints":{"allow":["GET"]}}],"collection":[{"href":"https:\/\/excellence.net.br\/site\/wp-json\/wp\/v2\/pages"}],"about":[{"href":"https:\/\/excellence.net.br\/site\/wp-json\/wp\/v2\/types\/page"}],"author":[{"embeddable":true,"href":"https:\/\/excellence.net.br\/site\/wp-json\/wp\/v2\/users\/1"}],"replies":[{"embeddable":true,"href":"https:\/\/excellence.net.br\/site\/wp-json\/wp\/v2\/comments?post=1006"}],"version-history":[{"count":34,"href":"https:\/\/excellence.net.br\/site\/wp-json\/wp\/v2\/pages\/1006\/revisions"}],"predecessor-version":[{"id":1246,"href":"https:\/\/excellence.net.br\/site\/wp-json\/wp\/v2\/pages\/1006\/revisions\/1246"}],"wp:attachment":[{"href":"https:\/\/excellence.net.br\/site\/wp-json\/wp\/v2\/media?parent=1006"}],"curies":[{"name":"wp","href":"https:\/\/api.w.org\/{rel}","templated":true}]}}